{"id":124,"date":"2011-10-11T11:12:31","date_gmt":"2011-10-11T11:12:31","guid":{"rendered":"http:\/\/graenaorkan.is.w7.nethonnun.is\/?page_id=124"},"modified":"2024-04-05T11:41:21","modified_gmt":"2024-04-05T11:41:21","slug":"um-graenu-orkuna","status":"publish","type":"page","link":"https:\/\/graenaorkan.is\/?page_id=124","title":{"rendered":"Um Gr\u00e6nu orkuna"},"content":{"rendered":"<p><strong style=\"font-size: 1.5em;\">Erindisbr\u00e9f verkefnisstj\u00f3rnar Gr\u00e6nu orkunnar \u2013 vistorku \u00ed samg\u00f6ngum fr\u00e1 2011<\/strong><\/p>\n<p>\u00cd stj\u00f3rnars\u00e1ttm\u00e1la r\u00edkisstj\u00f3rnarinnar segir m.a.: \u201eM\u00f3tu\u00f0 ver\u00f0i heildst\u00e6\u00f0 orkustefna sem mi\u00f0i a\u00f0 \u00fev\u00ed a\u00f0 endurn\u00fdjanlegir orkgjafar leysi innflutta orku af h\u00f3lmi.\u201c \u00de\u00e1 er \u00e1hersla l\u00f6g\u00f0 \u00e1 metna\u00f0arfull markmi\u00f0 um samdr\u00e1tt \u00ed losun gr\u00f3\u00f0urh\u00fasalofttegunda. Megni\u00f0 af \u00feeim hluta frumorku\u00fearfar \u00cdslands sem m\u00e6tt er me\u00f0 innfluttu kolefnaeldsneyti er vegna samgangna og sj\u00e1var\u00fatvegs. \u00dear liggja \u00fev\u00ed s\u00f3knarf\u00e6rin \u00ed a\u00f0 skipta innfluttum orkugj\u00f6fum \u00fat fyrir innlenda visth\u00e6fa orku. St\u00fdrih\u00f3pur um m\u00f3tun heildst\u00e6\u00f0rar orkustefnu er a\u00f0 st\u00f6rfum en verkefni um \u00e1tak \u00ed orkuskiptum \u00ed samg\u00f6ngum er afmarka\u00f0 og vel til \u00feess falli\u00f0 a\u00f0 vinna samhli\u00f0a. Undirb\u00faningsh\u00f3pur \u00e1 vegum i\u00f0na\u00f0arr\u00e1\u00f0herra hefur unni\u00f0 a\u00f0 undirb\u00faningi \u00e1\u00e6tlunar um orkuskipti \u00ed samg\u00f6ngum sem fengi\u00f0 hefur nafni\u00f0 Gr\u00e6na orkan \u2013 vistorka \u00ed samg\u00f6ngum. Vistorka leggur til verkefnisstj\u00f3ra en haft hefur veri\u00f0 samr\u00e1\u00f0 vi\u00f0 \u00fdmsa a\u00f0ila vi\u00f0 undirb\u00faninginn.<\/p>\n<p>Markmi\u00f0 Gr\u00e6nu orkunnar:<\/p>\n<ul>\n<li>\u00a0\u00a0Tengja saman \u00fe\u00e1 fj\u00f6lm\u00f6rgu a\u00f0ila sem f\u00e1st vi\u00f0 orkuskipti \u00ed samg\u00f6ngum<\/li>\n<li>\u00a0\u00a0Gera s\u00fdnileg undir einu merki \u00feau st\u00f3ru og sm\u00e1u skref sem stigin eru til a\u00f0 auka hlut visth\u00e6fra innlendra orkugjafa \u00ed samg\u00f6ngum<\/li>\n<li>\u00a0\u00a0Skipuleggja og skapa samst\u00f6\u00f0u um lykila\u00f0ger\u00f0ir sem gr\u00edpa \u00fearf til svo \u00e1\u00e6tlun um orkuskipti ver\u00f0i a\u00f0 veruleika<\/li>\n<li>\u00a0\u00a0Efla \u00feekkingaruppbyggingu, menntun og fr\u00e6\u00f0slu<\/li>\n<li>\u00a0\u00a0Hvetja til ranns\u00f3kna, n\u00fdsk\u00f6punar og v\u00f6ru\u00fer\u00f3unar sem tengist visth\u00e6fu eldsneyti<\/li>\n<li>\u00a0\u00a0Halda \u00cdslandi \u00ed h\u00f3pi lei\u00f0andi r\u00edkja vi\u00f0 notkun \u00e1 vistv\u00e6nu eldsneyti \u00ed samg\u00f6ngum<\/li>\n<li>\u00a0\u00a0Gera \u00cdsland a\u00f0 \u00e1kj\u00f3sanlegum vettvangi til a\u00f0 reyna \u00fdmsar n\u00fdjungar \u00ed visth\u00e6fum samg\u00f6ngum og la\u00f0a \u00feannig a\u00f0 \u00feekkingu, t\u00e6kni og fj\u00e1rmagn<\/li>\n<li>\u00a0\u00a0Auka \u00fe\u00e1tt visth\u00e6fs eldsneytis og orkuskipta \u00ed atvinnu\u00fer\u00f3un og n\u00fdsk\u00f6pun h\u00e9r \u00e1 landi<\/li>\n<\/ul>\n<p>Ef \u00fe\u00fa hefur spurningar var\u00f0andi starfsemi Gr\u00e6nu orkunnar e\u00f0a vilt hafa samband vi\u00f0 okkur, sendu t\u00f6lvup\u00f3st til <a href=\"mailto:skulason@newenergy.is\" target=\"_blank\" rel=\"noopener\">skulason@newenergy.is<\/a>.<\/p>\n","protected":false},"excerpt":{"rendered":"<p>Erindisbr\u00e9f verkefnisstj\u00f3rnar Gr\u00e6nu orkunnar \u2013 vistorku \u00ed samg\u00f6ngum fr\u00e1 2011 \u00cd stj\u00f3rnars\u00e1ttm\u00e1la r\u00edkisstj\u00f3rnarinnar segir m.a.: \u201eM\u00f3tu\u00f0 ver\u00f0i heildst\u00e6\u00f0 orkustefna sem mi\u00f0i a\u00f0 \u00fev\u00ed a\u00f0 endurn\u00fdjanlegir orkgjafar leysi innflutta orku af h\u00f3lmi.\u201c \u00de\u00e1 er \u00e1hersla l\u00f6g\u00f0 \u00e1 metna\u00f0arfull markmi\u00f0 um samdr\u00e1tt &hellip; <a href=\"https:\/\/graenaorkan.is\/?page_id=124\">Continue reading <span class=\"meta-nav\">&rarr;<\/span><\/a><\/p>\n","protected":false},"author":1,"featured_media":0,"parent":0,"menu_order":0,"comment_status":"open","ping_status":"open","template":"","meta":[],"_links":{"self":[{"href":"https:\/\/graenaorkan.is\/index.php?rest_route=\/wp\/v2\/pages\/124"}],"collection":[{"href":"https:\/\/graenaorkan.is\/index.php?rest_route=\/wp\/v2\/pages"}],"about":[{"href":"https:\/\/graenaorkan.is\/index.php?rest_route=\/wp\/v2\/types\/page"}],"author":[{"embeddable":true,"href":"https:\/\/graenaorkan.is\/index.php?rest_route=\/wp\/v2\/users\/1"}],"replies":[{"embeddable":true,"href":"https:\/\/graenaorkan.is\/index.php?rest_route=%2Fwp%2Fv2%2Fcomments&post=124"}],"version-history":[{"count":6,"href":"https:\/\/graenaorkan.is\/index.php?rest_route=\/wp\/v2\/pages\/124\/revisions"}],"predecessor-version":[{"id":2520,"href":"https:\/\/graenaorkan.is\/index.php?rest_route=\/wp\/v2\/pages\/124\/revisions\/2520"}],"wp:attachment":[{"href":"https:\/\/graenaorkan.is\/index.php?rest_route=%2Fwp%2Fv2%2Fmedia&parent=124"}],"curies":[{"name":"wp","href":"https:\/\/api.w.org\/{rel}","templated":true}]}}